j(h) = -h**3 + 6*h**2 - 6*h. Determine j(w).
8
Let x(t) = -t**2 + 4*t - 4. Let i(o) = -7*o. Let b be i(1). Let u = -5 - b. Suppose -3 - 7 = -u*a. Give x(a).
-9
Let j(w) = 4 + 0*w + 0*w - 3 + 8 - w - w**3. Let v(q) = q**2 + 8*q + 7. Let z be v(-7). Let d = 0 - z. Calculate j(d).
9
Let c = -16 - -11. Let t(u) be the second derivative of u**5/20 + 5*u**4/12 - u**3/3 - 5*u**2/2 + u. Calculate t(c).
5
Let s(x) be the second derivative of x**8/6720 - x**7/840 + x**6/360 - x**5/40 + 7*x**4/12 + x. Let r(b) be the third derivative of s(b). Calculate r(2).
-3
Let d(w) = -w + 2. Let y be d(-4). Suppose 0 = 2*g - y - 4. Suppose -16 - 8 = g*p + u, 4*p = u - 12. Let z(b) = -b - 5. Determine z(p).
-1
Let x(d) = -2*d + 7. Let f(m) = m - 2. Let j(i) = 3*f(i) + x(i). Let v be 1*3*4/(-3). Give j(v).
-3
Suppose -5*q = 0, -3*l + 0*q + q + 9 = 0. Let s(m) = 3*m + m - 4 - l*m. What is s(5)?
1
Let s(f) = -f**2 + 12*f - 14. Let d be s(10). Let m = -4 - -6. Let n = m - d. Let c(o) = -o**3 - 4*o**2 + o - 4. Calculate c(n).
-8
Let h(x) = -x**2 - x + 1. Let w = -6 - -7. Let t = w + -3. What is h(t)?
-1
Let c(g) = -g**2 + g. Let a(p) = p**2. Let j(k) = 5*a(k) - c(k). Suppose -3*u + u + 4 = 0. Let n = -3 + u. Calculate j(n).
7
Let l(x) be the third derivative of 0*x + 0 - 5/24*x**4 + 1/15*x**5 + 1/120*x**6 + x**3 + 3*x**2. Determine l(-5).
6
Let z(s) = -9*s. Let a(f) = -14*f. Let u(p) = 5*a(p) - 8*z(p). Let g be ((-20)/(-15)*12)/2. Suppose -5*h = -h - g. Give u(h).
4
Let s(m) = 7*m. Suppose 5*o + 20 = 3*y - 0*o, 4*y = -5*o + 15. Suppose y*z = 2*z + 3. Determine s(z).
7
Suppose -6*r + 10 = -r. Suppose 2*o = 3*o - r. Let p(a) = 4 + a - o*a - 5. Determine p(2).
-3
Suppose -5*r + 11 + 9 = 0. Let c(o) = -o + 8. Give c(r).
4
Let q(g) = -2*g**2 + 8*g - 5. Let d(b) = -b**2 - b. Let f(s) = -d(s) + q(s). Determine f(8).
3
Let w be 3*(2/(-3) - 0). Let j(m) be the first derivative of m**3/3 + m**2/2 + 2*m - 3. Calculate j(w).
4
Let d(w) = -2*w**2 + 3 - 2 - 4*w**2. Let f(n) = -n + 6. Let c be f(5). Calculate d(c).
-5
Let z = 16 + -13. Suppose b - 12 = -z*h, 4*b - 16 = -4*h + b. Let i(f) = f**3 - 4*f**2 - 2*f + 6. What is i(h)?
-2
Let a(s) be the first derivative of -s**2/2 - 7*s + 3. What is a(5)?
-12
Suppose -5*l - 66 - 14 = 0. Let p be (-4)/l + (-23)/(-4). Let c(q) = q**2 - 8*q + 6. Give c(p).
-6
Let g(n) = -n**2 - 1. Suppose 4 = i - 3*i. Calculate g(i).
-5
Let u = 7 + -3. Let l(q) be the second derivative of q**3/6 - 3*q**2/2 - q. Give l(u).
1
Let z(f) = f - 3. Let d(s) = s - 1 + 0 + 0. Let i(h) = -3*d(h) + z(h). Determine i(1).
-2
Let l(a) = -a**3 - a**2 - a. Let r(o) = 2*o**3 - 4*o**2 + 3*o. Let u be r(2). Suppose -4 = u*p + 8. Calculate l(p).
6
Let h(y) be the second derivative of -y**4/12 - 7*y**3/6 - 3*y**2 - 8*y. Let i = 18 - 29. Let f = -15 - i. Determine h(f).
6
Let h(f) be the second derivative of f**3/6 + f**2 - 4*f. Determine h(0).
2
Let u(s) = -3 + 0 + 2 + s. Give u(7).
6
Let a(l) = l**3 - l**2 + 7. Let q(u) = u**2 + 6*u - 2. Let w be q(-7). Let b be (1 - -2) + -8 + w. What is a(b)?
7
Let q(n) = -2*n - 2. Let r(w) = 3*w - 1. Let m(j) = -6*j + 2. Let k(x) = 6*m(x) + 10*r(x). Let d be k(2). Let l = d + 6. What is q(l)?
6
Suppose 5*k + 7 + 3 = 2*h, -8 = 4*k - 4*h. Let u(x) = 8*x + 1. Give u(k).
-15
Let l(t) = -t**2 + 6*t - 4. Let k(y) = -y**2 + 7*y - 5. Let p(a) = -2*k(a) + 3*l(a). Suppose -r + 4 = -0. Calculate p(r).
-2
Let g(s) be the first derivative of s**4/4 + 4*s**3/3 + s**2/2 + s - 14. Give g(-4).
-3
Let x(l) = -l**3 + 6*l**2 - 4*l + 5. Suppose -5*j - 2 = -5*i - 22, -3*i + 36 = 5*j. Suppose n + 24 = j*y - 2*y, 0 = -y - 5*n - 15. Determine x(y).
10
Let y(m) = m. Let x be ((-5)/(-1) - 0)/1. Let w = x - 2. Determine y(w).
3
Let z be (-52)/(-16) + (-1)/4. Let k(i) = -z*i + 2*i + 4 + 2 - 1. What is k(6)?
-1
Suppose -38 = 5*d + 3*b, d + 2 + 10 = -5*b. Let g(q) = 2*q + 8. What is g(d)?
-6
Let t(b) = 2*b - 2. Suppose -3*x + 1 - 10 = 0, 4*d = 2*x + 34. Let c be 2/4*(d + -1). Give t(c).
4
Let b(n) = 8*n**2 + n + 1. Let j(a) = -9*a**2 - 2*a - 2. Let m(z) = -3*b(z) - 2*j(z). Determine m(2).
-21
Let q(g) = -g + 1. Let r(p) = -2*p. Let d(c) = 3*q(c) - r(c). Calculate d(6).
-3
Suppose 2*f = -4*d + 18, -d + f = -13 + 1. Suppose -5*y = 3*h + 19, 0 = 2*h + d*y - 2*y + 21. Let p(c) = -c**2 + 3*c - 1. Calculate p(h).
1
Let l = -30 + 24. Let o(p) = 2 + 2 + 2 + 2*p. Give o(l).
-6
Let x(q) = 2*q**2 + 2*q + 2. Let f be 244/20 - (-2)/(-10). Let w be (-6)/9 - f/9. Calculate x(w).
6
Let p(g) be the second derivative of g**4/12 + g**3/6 - g**2/2 - 2*g. Give p(-2).
1
Suppose -2*i + 2 = -3*w + 2*w, 3*w + 2*i + 22 = 0. Let o(x) = -x - 8. Give o(w).
-2
Let g(k) = k**2 - k - 1. Let v(n) = -n**2 + 10*n + 4. Let u be v(10). Let c be (-18)/12*u/(-3). Determine g(c).
1
Let q(l) be the second derivative of 0 - 1/2*l**4 + 3*l - 1/6*l**3 + 7/2*l**2 + 1/20*l**5. What is q(6)?
1
Let k(q) be the second derivative of -q**4/12 + q**3/6 - 3*q**2 - q. Let o = -3 - -3. Suppose -n - n = o. Determine k(n).
-6
Let m = 1 - 1. Suppose 4*d = 4*a - 36, -5*a + 0*d - d + 21 = m. Let v(n) = -a*n + n + 5*n + n**2 - 1. Give v(3).
11
Let s(m) be the second derivative of m**3/3 + 3*m**2 + 71*m. Determine s(-5).
-4
Let v(c) be the second derivative of -c**6/120 + c**5/20 - c**4/12 + c**3/6 - 3*c**2/2 - c. Let u(i) be the first derivative of v(i). Give u(1).
1
Let i(r) be the first derivative of -r**2/2 + 3*r + 14. Let h = 13 - 8. Determine i(h).
-2
Let g(v) be the third derivative of v**4/12 - v**3/2 + v**2. Suppose a + 4*x = 4, 2*a + 1 = -0*a + x. Let n = 4 + a. What is g(n)?
5
Let g(k) = -k**3 - 2*k**2 + 5*k + 4. Let a = 30 - 33. Determine g(a).
-2
Let h be (-3)/(-5) - 187/(-55). Let t(f) = f**2 - 4*f - 4. Give t(h).
-4
Let j(z) be the third derivative of z**4/8 + z**3/3 + z**2. Let l be (-12)/(-9)*9/(-6). Let p be j(l). Let y(m) = -m**3 - 5*m**2 - m + 3. Give y(p).
-9
Let y(q) = 10 + 14*q**2 - 9*q + q**2 - 8*q**2 - 8*q**2. Calculate y(-10).
0
Let p(b) = -3*b**2 + 2. Let h = -112 + 114. Determine p(h).
-10
Suppose 0 = -2*x - 10 - 2. Let t be (4/(-6))/(4/x). Let w(c) = -7*c**2 + 1. Calculate w(t).
-6
Let z(u) be the first derivative of 0*u - 2 + 0*u + u**2 - u. Let a(i) = -i - 4. Let r be a(-7). Determine z(r).
5
Let i(f) = -3*f**2 + 4*f + 2 - 3*f - 4*f. Suppose 2*y + 10 = 2. Let w(r) = -r**2 + 1. Let t(l) = y*w(l) + i(l). Give t(5).
8
Let w(y) = y**2 - 6*y - 10. Let s(q) = q**3 + 3*q**2 - 3*q + 11. Let l be s(-4). Calculate w(l).
-3
Let z(c) = -3*c**3 - 15*c**2 + 6. Suppose 0*j - 5*j - f = 30, 0 = -2*j + 5*f - 39. Let h(a) = -2*a**3 - 10*a**2 + 4. Let g(k) = j*h(k) + 5*z(k). Give g(-5).
2
Suppose 2*q - 5*q - 6 = 0. Let h(z) = z**3 + 2*z**2 + z - 2. Calculate h(q).
-4
Let b(n) = 0 + 5 - 3*n + 5*n - 4. What is b(-4)?
-7
Let y(q) = 9*q + 13. Let i(z) = 5*z + 7. Let p(n) = -11*i(n) + 6*y(n). Suppose -4*j + c = 6, 0*c = -j - 2*c - 6. Determine p(j).
3
Let z = -5 + 10. Let n = 2 - z. Let x be 39/(-9) - 1/n. Let v(m) = m**2 + 5*m + 6. Determine v(x).
2
Let y(x) be the first derivative of -x**4/4 - x**2 + 3*x - 9. Give y(2).
-9
Let k(c) = c**3 + 3*c**2 - 3*c - 6. Let u be (-4)/(-18) - (-114)/(-27). What is k(u)?
-10
Suppose -20 - 4 = -4*l. Let m(y) = 0*y**2 + 6*y - 2*y**2 + y**2 + l. Give m(6).
6
Let m be (10/4)/(6/12). Let x(v) = 2*v - 11. Let i be x(m). Let o(t) = 12*t**3 + 1. Give o(i).
-11
Let l(r) be the third derivative of r**4/24 - r**3/6 + r**2. Suppose -14 = 4*n - 6. Calculate l(n).
-3
Let i(n) = n**2 - n - 2. Let z = 50 - 70. Let g = -16 - z. What is i(g)?
10
Let o(d) = -1 - 2 - 7*d**2 - 2*d**3 + 3*d**3. Determine o(7).
-3
Let y(w) = w + 1. Let g be 4/2 + 1 + -2. Let h(k) = 6*k. Let t be h(g). Give y(t).
7
Let n(q) = -q**3 - 6*q**2 + 2*q + 8. Let f(t) = -t**2 + 17*t - 21. Let h be f(14). Let u = -27 + h. Determine n(u).
-4
Let i be (0 + 3)/(-6)*-6. Let j(r) be the second derivative of -2/3*r**i + 1/2*r**2 - 2*r + 0. Give j(-1).
5
Let r(i) be the second derivative of -2*i**5/5 + i**3/6 + i**2/2 - 9*i. Determine r(-1).
8
Let q(x) = -3 - 6*x - 7*x**2 - 2*x - 4*x + 7*x - x**3. What is q(-6)?
-9
Let u(o) = o**2 + 7*o + 2. Suppose 35 = -4*j + 11. Let w(g) = g**2 + 6*g - 4. Let n be w(j). Calculate u(n).
-10
Let o = -5 + 10. Let x(s) = 3*s + 2 - 7 - o*s. Give x(-4).
3
Let t(m) = 5*m**3 - m**2 + m - 1. Let q(f) = -f**2 - 4*f. L